lions digit of 1271165669?
1
What is the hundreds digit of 324120689?
6
What is the ten millions digit of 43039051?
4
What is the hundred thousands digit of 2029938693?
9
What is the units digit of 283373184?
4
What is the tens digit of 691707387?
8
What is the millions digit of 94633764?
4
What is the thousands digit of 238036871?
6
What is the ten thousands digit of 114774188?
7
What is the millions digit of 109981217?
9
What is the thousands digit of 3269146?
9
What is the thousands digit of 662846481?
6
What is the hundreds digit of 22673297?
2
What is the hundred thousands digit of 569411447?
4
What is the tens digit of 46998914?
1
What is the millions digit of 70101590?
0
What is the tens digit of 4753901988?
8
What is the units digit of 307339715?
5
What is the tens digit of 60566267?
6
What is the hundred thousands digit of 349291366?
2
What is the millions digit of 54264063?
4
What is the hundreds digit of 1565066839?
8
What is the hundred thousands digit of 162568014?
5
What is the thousands digit of 28607693?
7
What is the tens digit of 1691575731?
3
What is the thousands digit of 73165976?
5
What is the tens digit of 21135050?
5
What is the tens digit of 47613142?
4
What is the billions digit of 6688675168?
6
What is the millions digit of 4024548545?
4
What is the hundreds digit of 38776233?
2
What is the units digit of 8067196?
6
What is the ten millions digit of 14854660?
1
What is the thousands digit of 3371881673?
1
What is the hundred thousands digit of 51962121?
9
What is the tens digit of 2199467031?
3
What is the hundred millions digit of 3865055347?
8
What is the hundreds digit of 1587994716?
7
What is the ten thousands digit of 85540971?
4
What is the hundreds digit of 3127004835?
8
What is the ten thousands digit of 56449974?
4
What is the tens digit of 978420950?
5
What is the hundred millions digit of 4204811736?
2
What is the thousands digit of 159643212?
3
What is the tens digit of 942200789?
8
What is the billions digit of 1449945720?
1
What is the hundreds digit of 66959999?
9
What is the hundreds digit of 98893030?
0
What is the hundreds digit of 2498112561?
5
What is the ten thousands digit of 93073114?
7
What is the ten thousands digit of 4581944017?
4
What is the hundred millions digit of 208811883?
2
What is the hundred thousands digit of 231300293?
3
What is the billions digit of 4569186630?
4
What is the hundreds digit of 3949239630?
6
What is the hundred thousands digit of 670303178?
3
What is the ten thousands digit of 52383490?
8
What is the thousands digit of 54140650?
0
What is the hundreds digit of 1894068362?
3
What is the ten millions digit of 1430843723?
3
What is the hundreds digit of 1354225578?
5
What is the hundred millions digit of 4327857848?
3
What is the hundred thousands digit of 654627750?
6
What is the hundred thousands digit of 312713719?
7
What is the hundred thousands digit of 3205269582?
2
What is the thousands digit of 7216821819?
1
What is the millions digit of 309507964?
9
What is the ten millions digit of 101903930?
0
What is the thousands digit of 805064271?
4
What is the ten millions digit of 71133765?
7
What is the hundreds digit of 9811567?
5
What is the tens digit of 189719280?
8
What is the millions digit of 1937214784?
7
What is the thousands digit of 111827553?
7
What is the thousands digit of 651810184?
0
What is the hundred thousands digit of 26824970?
8
What is the units digit of 1206210615?
5
What is the millions digit of 110066914?
0
What is the hundred thousands digit of 42424553?
4
What is the hundreds digit of 98445409?
4
What is the ten millions digit of 171369736?
7
What is the units digit of 67483584?
4
What is the hundred thousands digit of 608145270?
1
What is the hundred millions digit of 1485820544?
4
What is the thousands digit of 2171977647?
7
What is the thousands digit of 43331897?
1
What is the units digit of 1928492?
2
What is the millions digit of 244783462?
4
What is the thousands digit of 5187146941?
6
What is the ten thousands digit of 809242416?
4
What is the hundred millions digit of 101987488?
1
What is the units digit of 111370014?
4
What is the millions digit of 90963776?
0
What is the units digit of 62554749?
9
What is the ten thousands digit of 42605348?
0
What is the hundred millions digit of 147827301?
1
What is the ten thousands digit of 4727427?
2
What is the ten thousands digit of 192730077?
3
What is the hundred thousands digit of 2299570093?
5
What is the ten thousands digit of 5793795900?
9
What is the thousands digit of 1794298269?
8
What is the thousands digit of 767141396?
1
What is the units digit of 13137912?
2
What is the hundreds digit of 252481286?
2
What is the hundred millions digit of 1227911530?
2
What is the ten thousands digit of 2188864284?
6
What is the tens digit of 229595936?
3
What is the tens digit of 383289584?
8
What is the units digit of 646596996?
6
What is the millions digit of 406884085?
6
What is the hundred millions digit of 201631380?
2
What is the units digit of 268102438?
8
What is the ten millions digit of 583399620?
8
What is the thousands digit of 231829793?
9
What is the units digit of 30713335?
5
What is the millions digit of 8367184464?
7
What is the ten millions digit of 2569760093?
6
What is the millions digit of 8386705851?
6
What is the hundred thousands digit of 67185955?
1
What is the units digit of 370837782?
2
What is the hundred thousands digit of 1143355298?
3
What is the millions digit of 35446768?
5
What is the ten thousands digit of 115044472?
4
What is the thousands digit of 1840105183?
5
What is the hundreds digit of 462818543?
5
What is the hundreds digit of 25353267?
2
What is the hundred thousands digit of 72266286?
2
What is the millions digit of 3665288342?
5
What is the hundred thousands digit of 1248291490?
2
What is the millions digit of 243587475?
3
What is the hundreds digit of 354199369?
3
What is the hundred thousands digit of 127670534?
6
What is the thousands digit of 51235665?
5
What is the thousands digit of 40808031?
8
What is the ten millions digit of 259122583?
5
What is the hundred thousands digit of 2062467931?
4
What is the tens digit of 79863646?
4
What is the units digit of 7221214511?
1
What is the hundred thousands digit of 13919805?
9
What is the ten thousands digit of 50223934?
2
What is the units digit of 637173328?
8
What is the ten millions digit of 47692990?
4
What is the hundreds digit of 2469287937?
9
What is the units digit of 623266320?
0
What is the hundred millions digit of 225423458?
2
What is the hundred millions digit of 188144416?
1
What is the ten thousands digit of 94267442?
6
What is the units digit of 12215785?
5
What is the millions digit of 72857369?
2
What is the thousands digit of 9889778?
9
What is the hundred thousands digit of 2743097015?
0
What is the ten millions digit of 950779624?
5
What is the ten millions digit of 16692083?
1
What is the tens digit of 448401801?
0
What is the thousands digit of 132419609?
9
What is the hundreds digit of 132389382?
3
What is the hundred millions digit of 478426531?
4
What is the tens digit of 49492231?
3
What is the thousands digit of 226176270?
6
What is the hundred thousands digit of 74719937?
7
What is the ten thousands digit of 720807?
2
What is the hundred thousands digit of 121097511?
0
What is the hundred millions digit of 1150173731?
1
What is the tens digit of 85006548?
4
What is the millions digit of 19828229?
9
What is the units digit of 51183374?
4
What is the ten millions digit of 814959864?
1
What is the millions digit of 292844561?
2
What is the thousands digit of 832028342?
8
What is the units digit of 1671775308?
8
What is the tens digit of 31315206?
0
What is the ten millions digit of 16029509?
1
What is the hundred thousands digit of 253600582?
6
What is the hundred millions digit of 1143115737?
1
What is the ten millions digit of 268412276?
6
What is the thousands digit of 2363920733?
0
What is the ten thousands digit of 367175788?
7
What is the units digit of 1280659109?
9
What is the thousands digit of 3162518227?
8
What is the tens digit of 38100061?
6
What is the millions digit of 150281982?
0
What is the hundred millions digit of 516202821?
5
What is the hundred 